 the highest common factor of 14 and 56.
14
What is the highest common factor of 50 and 3275?
25
What is the greatest common divisor of 86 and 2?
2
What is the highest common divisor of 128 and 12?
4
What is the highest common factor of 424 and 954?
106
What is the greatest common divisor of 36 and 76?
4
What is the highest common factor of 20 and 65?
5
What is the greatest common factor of 45 and 1295?
5
What is the greatest common factor of 1431 and 72?
9
What is the greatest common divisor of 1 and 1441?
1
Calculate the highest common divisor of 4 and 184.
4
What is the greatest common factor of 16910 and 1330?
190
What is the greatest common divisor of 20 and 1114?
2
What is the greatest common divisor of 138 and 6?
6
Calculate the greatest common factor of 5 and 73.
1
What is the greatest common divisor of 5 and 2515?
5
Calculate the highest common divisor of 24 and 1176.
24
Calculate the highest common factor of 3 and 1461.
3
What is the greatest common factor of 6 and 57?
3
Calculate the highest common divisor of 6 and 1617.
3
Calculate the highest common divisor of 121 and 77.
11
What is the greatest common divisor of 44 and 29447?
11
Calculate the greatest common divisor of 781 and 88.
11
Calculate the highest common factor of 147 and 30.
3
Calculate the highest common divisor of 488 and 366.
122
Calculate the greatest common factor of 36 and 162.
18
What is the highest common divisor of 204 and 51?
51
What is the greatest common factor of 19 and 74423?
19
Calculate the highest common factor of 160 and 864.
32
What is the greatest common divisor of 308 and 7?
7
What is the greatest common factor of 246 and 9266?
82
What is the greatest common factor of 27 and 9?
9
What is the greatest common factor of 1628 and 11988?
148
What is the greatest common divisor of 291 and 22698?
291
Calculate the greatest common factor of 12 and 20.
4
What is the greatest common divisor of 30 and 4416?
6
What is the highest common divisor of 384 and 24?
24
What is the greatest common factor of 93 and 6?
3
Calculate the greatest common divisor of 7 and 5068.
7
What is the greatest common divisor of 144 and 5760?
144
What is the highest common divisor of 66 and 2266?
22
Calculate the greatest common factor of 10 and 220.
10
Calculate the greatest common divisor of 208 and 2054.
26
Calculate the greatest common divisor of 36 and 2556.
36
What is the highest common divisor of 64 and 784?
16
Calculate the highest common divisor of 375 and 540.
15
Calculate the highest common divisor of 165 and 225.
15
What is the greatest common divisor of 8163 and 27?
9
What is the highest common divisor of 76 and 16?
4
What is the greatest common divisor of 115 and 161?
23
Calculate the highest common divisor of 5766 and 6.
6
What is the greatest common factor of 6 and 1074?
6
Calculate the greatest common factor of 10 and 380.
10
What is the greatest common divisor of 210 and 7210?
70
Calculate the greatest common divisor of 3087 and 315.
63
Calculate the highest common factor of 416 and 26.
26
Calculate the highest common factor of 51240 and 168.
168
What is the greatest common factor of 7 and 181?
1
Calculate the highest common factor of 6 and 4119.
3
Calculate the highest common divisor of 165 and 3641.
11
What is the greatest common factor of 1593 and 59?
59
Calculate the greatest common factor of 114 and 76.
38
Calculate the greatest common factor of 10752 and 160.
32
What is the greatest common factor of 55 and 143?
11
Calculate the highest common divisor of 25 and 135.
5
Calculate the greatest common factor of 16 and 1132.
4
Calculate the greatest common divisor of 3440 and 240.
80
Calculate the greatest common divisor of 2450 and 14.
14
What is the greatest common factor of 108385 and 265?
265
Calculate the greatest common divisor of 224 and 252.
28
Calculate the greatest common divisor of 190 and 50.
10
What is the greatest common divisor of 2666 and 258?
86
What is the greatest common factor of 2 and 3803?
1
What is the greatest common divisor of 216 and 162?
54
What is the greatest common factor of 793 and 122?
61
What is the greatest common divisor of 468 and 208?
52
What is the greatest common factor of 1820 and 819?
91
Calculate the greatest common divisor of 282 and 30.
6
Calculate the greatest common factor of 1862 and 98.
98
What is the greatest common factor of 119 and 17?
17
What is the greatest common factor of 533 and 4715?
41
Calculate the highest common factor of 7 and 413.
7
Calculate the highest common factor of 105 and 1113.
21
What is the highest common divisor of 6 and 20?
2
Calculate the highest common divisor of 11 and 1529.
11
Calculate the greatest common factor of 132 and 6578.
22
Calculate the highest common factor of 4719 and 39.
39
Calculate the greatest common divisor of 30 and 165.
15
What is the greatest common divisor of 195 and 1395?
15
What is the greatest common divisor of 525 and 217?
7
Calculate the highest common factor of 40 and 490.
10
Calculate the highest common factor of 3 and 192.
3
What is the highest common factor of 377 and 65?
13
Calculate the highest common factor of 152 and 513.
19
What is the highest common divisor of 6 and 105?
3
Calculate the greatest common divisor of 270 and 1170.
90
What is the highest common divisor of 512 and 752?
16
Calculate the greatest common divisor of 36 and 243.
9
What is the greatest common factor of 70 and 3262?
14
What is the highest common divisor of 1802 and 153?
17
Calculate the greatest common divisor of 1530 and 544.
34
Calculate the greatest common factor of 64 and 72.
8
Calculate the greatest common divisor of 3060 and 540.
180
Calculate the greatest common factor of 3601 and 13.
13
What is the greatest common divisor of 165 and 141735?
165
Calculate the greatest common divisor of 161 and 35.
7
What is the highest common divisor of 893 and 76?
19
Calculate the greatest common factor of 11 and 967.
1
Calculate the greatest common divisor of 300 and 24.
12
Calculate the highest common factor of 115 and 65.
5
What is the highest common divisor of 18 and 450?
18
What is the highest common factor of 80 and 3200?
80
What is the greatest common factor of 176 and 220?
44
Calculate the highest common factor of 25 and 425.
25
Calculate the highest common divisor of 14995 and 5.
5
What is the greatest common factor of 46 and 3634?
46
Calculate the greatest common factor of 32 and 664.
8
What is the greatest common factor of 9794 and 826?
118
Calculate the greatest common factor of 2397 and 493.
17
Calculate the highest common factor of 243 and 18.
9
Calculate the greatest common factor of 1293 and 6.
3
Calculate the greatest common divisor of 465 and 15.
15
Calculate the greatest common factor of 132 and 108.
12
Calculate the greatest common factor of 1212 and 12.
12
What is the highest common factor of 175 and 21?
7
Calculate the greatest common divisor of 68 and 4.
4
What is the greatest common factor of 117 and 72?
9
What is the highest common factor of 1089 and 126?
9
Calculate the greatest common factor of 148 and 111.
37
Calculate the highest common divisor of 210 and 63.
21
Calculate the greatest common divisor of 416 and 923.
13
Calculate the highest common divisor of 238 and 68.
34
Calculate the highest common divisor of 1134 and 729.
81
Calculate the greatest common factor of 84 and 3549.
21
Calculate the greatest common divisor of 63 and 18.
9
What is the highest common factor of 225 and 135?
45
Calculate the highest common factor of 1 and 109.
1
Calculate the greatest common divisor of 90 and 234.
18
What is the highest common divisor of 6909 and 141?
141
What is the greatest common divisor of 294 and 42?
42
Calculate the highest common divisor of 33 and 341.
11
Calculate the highest common factor of 16 and 4496.
16
Calculate the greatest common divisor of 549 and 9.
9
Calculate the greatest common divisor of 12 and 87.
3
Calculate the greatest common divisor of 14875 and 28.
7
What is the highest common factor of 9541 and 14?
7
Calculate the highest common factor of 1424 and 48.
16
Calculate the greatest common factor of 144 and 36.
36
Calculate the greatest common factor of 1084 and 132.
4
What is the highest common divisor of 5911 and 2313?
257
What is the greatest co